26*s = -3*r - 29*s + 10575. What is the thousands digit of r?
3
Let m be 6/(-4) + -1*3/6. What is the tens digit of (1*-5)/(m + (-30)/(-18))?
1
Let b = 3127 - 1488. What is the thousands digit of b?
1
Suppose -10*j + 15*j = 510. What is the units digit of j?
2
Let u(l) = -l**3 - 3*l**2 - l - 1. Let p be u(-3). Suppose 0 = p*s + s - 24. Suppose -s = -w - y, 3*w + 3*y - 6 = 2*w. What is the units digit of w?
9
Let c(f) = 13*f - 78. What is the units digit of c(8)?
6
Let f = 645 + 288. What is the hundreds digit of f?
9
Suppose -2028 = -4*a - 3*q, 507 = -a + 2*a - 3*q. What is the units digit of a?
7
Let q = 4 + 2. Let z be 9*2/q - 4. What is the tens digit of (148/z)/4*-1?
3
Suppose -3*b - 4 = b. Let z be (-1 - (1 + b))*46. Let u = z + 87. What is the tens digit of u?
4
Suppose -3*r + 10 + 104 = 0. Let x(l) = l**3 + 7*l**2 + 9*l + 5. Let f be x(-6). Let v = f + r. What is the units digit of v?
5
Let l(z) = 2*z**2 - 20*z + 29. Let r(o) = o**3 - o + 12. Let d be r(0). What is the units digit of l(d)?
7
Suppose -4*j = p - 57, j + 53 = p + 4*j. What is the units digit of p?
1
Suppose -2*b = 2*b + 112. Suppose 0 = -2*n + 4*n + 514. What is the tens digit of n/(-7) + (-8)/b?
3
Suppose -4*o = -4*b - 4, 5*b - b = 5*o - 8. Let j(p) = -p**2 + 6*p - 8. Let q be j(o). Let w = q + 6. What is the units digit of w?
6
Suppose 0 = -2*r - 5*y + 17 + 47, -3*r + 2*y + 77 = 0. Suppose 3*u + 4*t = 3*t + r, 3*t = 5*u - 59. Suppose g = -4*g + u. What is the units digit of g?
2
Suppose q + 17 = 2*p + 116, 4*q + 3*p = 396. Suppose -2*w + q = -t, 0*w - 4*t = 2*w - 84. What is the tens digit of w?
4
Let l(f) = 16*f - 25. Let h be l(9). Suppose -8 = -2*t, 81 + h = 2*p - 5*t. What is the tens digit of p?
1
Let m(t) = -23*t**3 + 33*t**2 + 3*t + 11. What is the hundreds digit of m(-5)?
6
Let k(o) = 7*o**2 + 2*o + o**2 + 6*o**3 - 5*o**3 - 15*o. What is the tens digit of k(-8)?
0
Let s(a) = 3*a - 3. Let i(r) = r**2 + 3*r + 2. Let y be i(-4). Let b = -2 + y. What is the units digit of s(b)?
9
Let v(g) be the third derivative of -7*g**4/24 - 14*g**3/3 + 5*g**2. What is the tens digit of v(-16)?
8
Let s(w) = -5*w**3 + 20*w**2 + 7*w - 20. Let h(x) = 11*x**3 - 41*x**2 - 13*x + 39. Let y(z) = 6*h(z) + 13*s(z). What is the hundreds digit of y(-12)?
1
Let t be (-42)/(-3) - (2 - 1). Let b = 137 + -92. Let s = b + t. What is the tens digit of s?
5
Let c(l) = -l**2 + 2*l. Let m(z) = -z**2 - 12*z. Let p(d) = -3*d. Let g(h) = 2*m(h) - 9*p(h). Let j(b) = 11*c(b) - 6*g(b). What is the units digit of j(-8)?
2
Let r(l) = 23*l**2 + 4*l + 12. Let q be r(-2). What is the tens digit of 6/4 + -1 + 16176/q?
6
Suppose -2*g + 5*g = 9. Suppose -2*a + 4*p = -6*a + 56, 0 = -4*a + g*p + 56. What is the tens digit of a?
1
Let d be ((-6)/9)/(1/(-135)). What is the tens digit of (d/12)/(4/24)?
4
Let j(a) = -7*a**3 + a**2 - a - 1. Let m be j(-1). Let f be (-3)/(m/(-4) - -1). Suppose -102 = -f*d + 39. What is the units digit of d?
7
Suppose -11 + 5 = u. Let l = 14 - u. What is the tens digit of l?
2
Let h be (-37 - -3)/(2*-1). Suppose -r + 55 = -h. Suppose r = 3*l + 15. What is the units digit of l?
9
Let k = 2443 + -1578. Suppose 9*r - 2179 = -k. What is the units digit of r?
6
Let t(m) = -7*m - 45. Let c be t(-14). Suppose -12 = -54*w + c*w. What is the units digit of w?
2
Suppose 4*u - 2*a - 550 = 0, 5*a = 6 - 1. Suppose 5*r - 8*r = -u. What is the tens digit of r?
4
Let n be ((-1)/(-3))/(-1 - (-39)/36). Suppose 433 = 4*b + 3*k, 0 = n*b - b - k - 315. What is the units digit of b?
6
Suppose 6 = 38*t - 37*t. Suppose -t*c = c - 1106. What is the tens digit of c?
5
Suppose -1513 = -4*w + 1991. What is the hundreds digit of w?
8
Suppose -4*u + 28 - 3 = t, u - 8 = -2*t. What is the tens digit of ((-80)/u)/(10/(-15))?
2
Suppose 5*h - 867 = -f - 233, 232 = 2*h - 5*f. Suppose 9*z + h = 23*z. What is the units digit of z?
9
Let o(t) = -2*t**3 + 6*t - 8. What is the units digit of o(-5)?
2
Suppose 0 = -8*k + 11*k - 87. What is the units digit of k?
9
Let g(u) = -u**3 - 5*u**2 + 5*u - 1. Let y be g(-6). Suppose -5*q + 3*a = 5*a - 333, 0 = q + y*a - 85. What is the tens digit of q?
6
Let u be ((-3)/6)/(1/(-2)). Suppose -4*z + 1 = -t, 4*z - 4*t + u = -5*t. Suppose 2*r - 5*r + 30 = z. What is the units digit of r?
0
Let o(h) = 9*h + 18. Let w(a) = -99*a - 198. Let u(b) = -54*o(b) - 5*w(b). Let k be u(6). What is the tens digit of (k/14)/(45/210)?
2
Suppose -3*p = 4*d - 97, 4*p - d - 144 = d. Suppose -2*t + 175 = p. What is the units digit of t?
0
Suppose -2*b = -6, 3*g + 4*b + 8 - 20 = 0. Suppose 2*o - 3*o - 2*k + 72 = g, 4*k - 12 = 0. What is the tens digit of o?
6
Suppose 4*u - 4*o = -24, u + 2*o + 26 = -o. Let f(d) = -4*d + 25. What is the units digit of f(u)?
9
Let v be 33*(-8)/(-12) + 4. Suppose 4*u = 21 + 11. Let l = v - u. What is the tens digit of l?
1
Suppose -b + 2 = -3*b. What is the units digit of (18/2)/(0 - b)?
9
Let o(q) = -2*q**3 + 4*q**2 - 3*q + 2. Let b be o(2). Let i = b - -7. Suppose 2*h + i*g - 50 = -0*h, -2*h + 5*g + 34 = 0. What is the units digit of h?
2
Suppose 4*f - 34 + 10 = 5*d, -4 = 2*d + 4*f. What is the tens digit of (712/4 - d)*1?
8
Let y(p) = -p + 1. Let f(a) = -12*a + 14. Let r(v) = -6*f(v) + 84*y(v). Let o be r(-2). Suppose -d + 3*d = o. What is the units digit of d?
2
Let c = -237 - -608. Suppose 0 = 7*l - 0*l - c. What is the tens digit of l?
5
Let n(w) = -w**3 + 8*w**2 - 6*w + 16. What is the tens digit of n(5)?
6
Let j be (8 + -4)*(-2 - -3). Suppose -2*u - t + 2 = 0, -j*u + t - 5*t = 0. Suppose 2*d + 49 = s, -2*d - 151 = -s - u*s. What is the tens digit of s?
5
Let g = 11 + -13. Suppose 4*d = -c + 53, 2*d - 19 = 2*c - c. Let r = g + d. What is the units digit of r?
0
Let w be -3 - (15 - -2)*-1. Suppose 4*y - m - 37 = -0*m, 5*m = y - w. What is the units digit of y?
9
Let r be (-9979)/(-221) + 2/(-13). Suppose 2*d + p + 56 = -p, 4 = -2*p. Let n = r + d. What is the units digit of n?
9
Let s be (9 - (-2 + 7) - -2)/(-1). Let q(y) = -1 - 5*y**2 + 8*y - y**3 + 3*y**2 - 2*y**2. What is the tens digit of q(s)?
2
Let c(f) = -1 + 2*f**2 + 9*f + 20 - 2. Let a(d) = -d**2 + 2. Let j be a(-3). What is the tens digit of c(j)?
5
Let m be 2/(-3) + 8/3. Suppose -2*j + 16 = m*j. Let v = -1 + j. What is the units digit of v?
3
Let u be (3 - 9/2)*88/(-3). Let r = -20 + u. What is the tens digit of r?
2
Let a = -553 - -769. What is the tens digit of a?
1
What is the hundreds digit of (-3498)/(-18) - (-2)/(-6)?
1
Let a be (1330/(-15))/((-3)/(-9)). Let u = a + 407. Suppose 2*t - 6*t - 5*s = -u, -37 = -t - 3*s. What is the tens digit of t?
3
Suppose -9*d + 4*d + o = -215, 3*o = 0. Let u = -30 + d. What is the units digit of u?
3
Let k = -6 - -5. Let a be (10 - 11)*(k + -16). Let z = a + -6. What is the units digit of z?
1
Let v be 1 - (2 + -3) - 16. Let s be 2/v - (-8)/7. Suppose -2*q + s = -q. What is the units digit of q?
1
Let p(c) = -5*c**3 - 15*c**2 + 27. What is the units digit of p(-6)?
7
Let s = -4 + 7. Let f be s/(-6*(-1)/(-40)). Let b = f + 46. What is the tens digit of b?
2
Let t = 9 + -7. Let d be (-319 + 3)*t/(-8). Suppose -4*r + d = -1. What is the units digit of r?
0
Let j = -77 - -82. Suppose 3*k + 186 = j*k. What is the tens digit of k?
9
Let w = -2144 - -5941. What is the hundreds digit of w?
7
Let l = -3 - -8. Suppose -f - 5*z - 5 = -11, 5*z + 90 = l*f. Suppose -w + 11 = 3*r + 3, -5*w - f = r. What is the units digit of r?
4
Let w(k) = k**2 + 2*k - 6. Let i be w(-4). Let l(a) = -a - a**2 + 19*a**2 + i - 10*a**2. What is the units digit of l(1)?
9
Let p(t) = -13*t + 6*t - 9 + 11*t. Let o = 9 + 0. What is the units digit of p(o)?
7
Suppose 16 = 7*s - 5. Suppose -s*o + 193 = 31. What is the units digit of o?
4
Let a(h) = 15*h**2 + 8*h + 185. What is the thousands digit of a(-14)?
3
Let l(y) = 2*y**2 + 3*y + 3. Let b be l(-2). Let r(t) = -2*t + 7. Let w be r(b). Let u = w + 5. What is the units digit of u?
2
Suppose 3*a - 8 - 6 = 2*g, -5*a = g - 6. Suppose -6*l - 240 = -11*l + a*z, 5*l + 5*z - 240 = 0. What is the units digit of ((-5)/(-2) - 2)*l?
4
Suppose -3*a - 5*p - 7 = 0, 3*a + 26 = 4*a - 4*p. What is the tens digit of 160/a*(-12)/(-8)?
4
Let d be ((-200)/12)/(-5)*-3. Let i = -10 - d. Suppose 12*h - 8*h - 60 = i. What is the tens digit of h?
1
Let l = 6065 - 2827. What is the units d